{"id":26024,"date":"2018-09-04T23:00:28","date_gmt":"2018-09-05T02:00:28","guid":{"rendered":"https:\/\/seminario2018.ceppes.org.br\/?page_id=26024"},"modified":"2020-09-24T11:00:33","modified_gmt":"2020-09-24T14:00:33","slug":"convidados","status":"publish","type":"page","link":"https:\/\/seminario2018.ceppes.org.br\/?page_id=26024","title":{"rendered":"Convidados Nacionais"},"content":{"rendered":"<p>[et_pb_section bb_built=&#8221;1&#8243; _builder_version=&#8221;3.13.1&#8243;][et_pb_row][et_pb_column type=&#8221;1_2&#8243;][et_pb_team_member admin_label=&#8221;Aluisio Pampolha Bevilaqua&#8221; _builder_version=&#8221;3.13.1&#8243; name=&#8221;Aluisio Pampolha Bevilaqua&#8221; position=&#8221;CEPPES\/Jornal INVERTA\/REGGEN&#8221; image_url=&#8221;https:\/\/seminario2018.ceppes.org.br\/wp-content\/uploads\/2017\/08\/Aluisio-Bevilaqua.jpg&#8221; \/][\/et_pb_column][et_pb_column type=&#8221;1_2&#8243;][et_pb_team_member admin_label=&#8221;Antonio C\u00edcero Cassiano Sousa&#8221; _builder_version=&#8221;3.13.1&#8243; name=&#8221;Ant\u00f4nio C\u00edcero Cassiano Sousa&#8221; position=&#8221;Presidente da Diretoria Executiva do CEPPES&#8221; image_url=&#8221;https:\/\/seminario2018.ceppes.org.br\/wp-content\/uploads\/2017\/08\/cicero-1.jpg&#8221; \/][\/et_pb_column][\/et_pb_row][et_pb_row][et_pb_column type=&#8221;1_2&#8243;][et_pb_team_member admin_label=&#8221;Beatriz Bissio&#8221; _builder_version=&#8221;3.13.1&#8243; name=&#8221;Beatriz Bissio&#8221; position=&#8221;UFRJ&#8221; image_url=&#8221;https:\/\/seminario2018.ceppes.org.br\/wp-content\/uploads\/2018\/09\/beatriz.jpg&#8221; \/][\/et_pb_column][et_pb_column type=&#8221;1_2&#8243;][et_pb_team_member admin_label=&#8221;Bianka de Jesus&#8221; _builder_version=&#8221;3.13.1&#8243; name=&#8221;Bianka de Jesus&#8221; position=&#8221;Chefe de Reda\u00e7\u00e3o do Jornal Inverta&#8221; image_url=&#8221;https:\/\/seminario2018.ceppes.org.br\/wp-content\/uploads\/2017\/08\/BiankaPqna-e1504723452479.jpg&#8221; border_style=&#8221;solid&#8221; \/][\/et_pb_column][\/et_pb_row][et_pb_row][et_pb_column type=&#8221;1_2&#8243;][et_pb_team_member admin_label=&#8221;Edison Munhoz&#8221; _builder_version=&#8221;3.13.1&#8243; name=&#8221;Edison Munhoz&#8221; position=&#8221;CUT-RJ&#8221; image_url=&#8221;https:\/\/seminario2018.ceppes.org.br\/wp-content\/uploads\/2018\/09\/EdisonMunhozCUTRJ_Quad.png&#8221; \/][\/et_pb_column][et_pb_column type=&#8221;1_2&#8243;][et_pb_team_member admin_label=&#8221;Eurico de Lima Figueiredo&#8221; _builder_version=&#8221;3.13.1&#8243; name=&#8221;Eurico de Lima Figueiredo&#8221; position=&#8221;UFF&#8221; image_url=&#8221;https:\/\/seminario2018.ceppes.org.br\/wp-content\/uploads\/2018\/09\/eurico.jpg&#8221; \/][\/et_pb_column][\/et_pb_row][et_pb_row][et_pb_column type=&#8221;1_2&#8243;][et_pb_team_member admin_label=&#8221;Gilberto Palmares&#8221; _builder_version=&#8221;3.13.1&#8243; name=&#8221;Gilberto Palmares&#8221; position=&#8221;Deputado Estadual (PT-RJ)&#8221; image_url=&#8221;https:\/\/seminario2018.ceppes.org.br\/wp-content\/uploads\/2018\/09\/palmares.jpg&#8221; \/][\/et_pb_column][et_pb_column type=&#8221;1_2&#8243;][et_pb_team_member admin_label=&#8221;Ivan Garcia&#8221; _builder_version=&#8221;3.13.1&#8243; name=&#8221;Ivan Garcia Sim\u00f5es&#8221; position=&#8221;UERJ&#8221; image_url=&#8221;https:\/\/seminario2018.ceppes.org.br\/wp-content\/uploads\/2018\/09\/IvanGarcia.jpg&#8221; border_style=&#8221;solid&#8221; \/][\/et_pb_column][\/et_pb_row][et_pb_row][et_pb_column type=&#8221;1_2&#8243;][et_pb_team_member admin_label=&#8221;Jos\u00e9 Luiz Quadros de Magalh\u00e3es&#8221; _builder_version=&#8221;3.13.1&#8243; name=&#8221;Jos\u00e9 Luiz Quadros de Magalh\u00e3es&#8221; position=&#8221;UFMG\/PUC Minas&#8221; image_url=&#8221;https:\/\/seminario2018.ceppes.org.br\/wp-content\/uploads\/2018\/09\/quadros.jpg&#8221; border_style=&#8221;solid&#8221; \/][\/et_pb_column][et_pb_column type=&#8221;1_2&#8243;][et_pb_team_member admin_label=&#8221;Juliano Homem de Siqueira&#8221; _builder_version=&#8221;3.0.66&#8243; name=&#8221;Juliano Homem de Siqueira&#8221; position=&#8221;UFRN&#8221; image_url=&#8221;https:\/\/seminario2018.ceppes.org.br\/wp-content\/uploads\/2017\/08\/juliano-siqueira.jpg&#8221; background_layout=&#8221;light&#8221; border_style=&#8221;solid&#8221; animation=&#8221;off&#8221; \/][\/et_pb_column][\/et_pb_row][et_pb_row][et_pb_column type=&#8221;1_2&#8243;][et_pb_team_member admin_label=&#8221;Len\u00e1 Medeiros de Menezes&#8221; _builder_version=&#8221;3.0.66&#8243; name=&#8221;Len\u00e1 Medeiros de Menezes&#8221; position=&#8221;UERJ&#8221; image_url=&#8221;https:\/\/seminario2018.ceppes.org.br\/wp-content\/uploads\/2017\/08\/lena.jpg&#8221; background_layout=&#8221;light&#8221; border_style=&#8221;solid&#8221; animation=&#8221;off&#8221; \/][\/et_pb_column][et_pb_column type=&#8221;1_2&#8243;][et_pb_team_member admin_label=&#8221;Marcia Tiburi&#8221; _builder_version=&#8221;3.13.1&#8243; name=&#8221;Marcia Tiburi&#8221; position=&#8221;PT-RJ&#8221; image_url=&#8221;https:\/\/seminario2018.ceppes.org.br\/wp-content\/uploads\/2018\/09\/marcia.jpg&#8221; \/][\/et_pb_column][\/et_pb_row][et_pb_row][et_pb_column type=&#8221;1_2&#8243;][et_pb_team_member admin_label=&#8221;Maria MST&#8221; _builder_version=&#8221;3.13.1&#8243; name=&#8221;Maria Cristina de Castro Luscher&#8221; position=&#8221;MST-MG&#8221; image_url=&#8221;https:\/\/seminario2018.ceppes.org.br\/wp-content\/uploads\/2018\/09\/MariaMST-e1536944676580.jpg&#8221; \/][\/et_pb_column][et_pb_column type=&#8221;1_2&#8243;][et_pb_team_member admin_label=&#8221;Maria Toribio&#8221; _builder_version=&#8221;3.13.1&#8243; name=&#8221;Maria Teresa Toribio Brites Lemos &#8221; position=&#8221;UERJ&#8221; image_url=&#8221;https:\/\/seminario2018.ceppes.org.br\/wp-content\/uploads\/2018\/09\/MariaToribio.jpg&#8221; \/][\/et_pb_column][\/et_pb_row][et_pb_row][et_pb_column type=&#8221;1_2&#8243;][et_pb_team_member admin_label=&#8221;MariaThereza&#8221; _builder_version=&#8221;3.13.1&#8243; name=&#8221;Maria Thereza de Menezes&#8221; position=&#8221;UERJ\/UFF&#8221; image_url=&#8221;https:\/\/seminario2018.ceppes.org.br\/wp-content\/uploads\/2018\/09\/MariaThereza3_Quad-e1536949638755.jpg&#8221; \/][\/et_pb_column][et_pb_column type=&#8221;1_2&#8243;][et_pb_team_member admin_label=&#8221;Michel&#8221; _builder_version=&#8221;3.13.1&#8243; name=&#8221;Michel Damasceno&#8221; position=&#8221;Juventude 5 de Julho&#8221; image_url=&#8221;https:\/\/seminario2018.ceppes.org.br\/wp-content\/uploads\/2018\/09\/Michel_Quad-e1536939903189.jpeg&#8221; border_style=&#8221;solid&#8221; \/][\/et_pb_column][\/et_pb_row][et_pb_row][et_pb_column type=&#8221;1_2&#8243;][et_pb_team_member admin_label=&#8221;Monica Bruckmann&#8221; _builder_version=&#8221;3.0.66&#8243; name=&#8221;Monica Bruckmann&#8221; position=&#8221;UFRJ&#8221; image_url=&#8221;https:\/\/seminario2018.ceppes.org.br\/wp-content\/uploads\/2017\/08\/monica-Bruckmann.jpg&#8221; background_layout=&#8221;light&#8221; border_style=&#8221;solid&#8221; animation=&#8221;off&#8221; \/][\/et_pb_column][et_pb_column type=&#8221;1_2&#8243;][et_pb_team_member admin_label=&#8221;Orvandil Barbosa&#8221; _builder_version=&#8221;3.13.1&#8243; name=&#8221;Orvandil Barbosa&#8221; position=&#8221;CEPPES\/IBRAPAZ&#8221; image_url=&#8221;https:\/\/seminario2018.ceppes.org.br\/wp-content\/uploads\/2017\/08\/orvandil.jpg&#8221; \/][\/et_pb_column][\/et_pb_row][et_pb_row][et_pb_column type=&#8221;1_2&#8243;][et_pb_team_member admin_label=&#8221;Raphael Bevilaqua&#8221; _builder_version=&#8221;3.13.1&#8243; name=&#8221;Raphael Bevilaqua&#8221; position=&#8221;Procurador da Rep\u00fablica em Rond\u00f4nia&#8221; image_url=&#8221;https:\/\/seminario2018.ceppes.org.br\/wp-content\/uploads\/2018\/09\/RaphaelBevilaqua.jpg&#8221; \/][\/et_pb_column][et_pb_column type=&#8221;1_2&#8243;][et_pb_team_member admin_label=&#8221;Reimont&#8221; _builder_version=&#8221;3.13.1&#8243; name=&#8221;Reimont Otoni&#8221; position=&#8221;Vereador (PT-Rio de Janeiro)&#8221; image_url=&#8221;https:\/\/seminario2018.ceppes.org.br\/wp-content\/uploads\/2018\/09\/reimont.jpg&#8221; \/][\/et_pb_column][\/et_pb_row][et_pb_row][et_pb_column type=&#8221;1_2&#8243;][et_pb_team_member admin_label=&#8221;Roberto Amaral&#8221; _builder_version=&#8221;3.13.1&#8243; name=&#8221;Roberto Amaral&#8221; position=&#8221;Ex-ministro da Ci\u00eancia e da Tecnologia&#8221; image_url=&#8221;https:\/\/seminario2018.ceppes.org.br\/wp-content\/uploads\/2018\/09\/amaral.jpg&#8221; \/][\/et_pb_column][et_pb_column type=&#8221;1_2&#8243;][et_pb_team_member admin_label=&#8221;Rumba&#8221; _builder_version=&#8221;3.13.1&#8243; name=&#8221;Rumba Gabriel&#8221; position=&#8221;Movimento Popular de Favelas&#8221; image_url=&#8221;https:\/\/seminario2018.ceppes.org.br\/wp-content\/uploads\/2018\/09\/RumbaGabriel_ForumNacional_Quad-e1536754887715.jpg&#8221; \/][\/et_pb_column][\/et_pb_row][et_pb_row][et_pb_column type=&#8221;1_2&#8243;][et_pb_team_member admin_label=&#8221;Sergio Santana&#8221; _builder_version=&#8221;3.13.1&#8243; name=&#8221;Sergio Sant&#8217;Anna&#8221; position=&#8221;IAB\/UCAM&#8221; image_url=&#8221;https:\/\/seminario2018.ceppes.org.br\/wp-content\/uploads\/2018\/09\/SergioSantAnna_Quad-e1537272481751.jpeg&#8221; \/][\/et_pb_column][et_pb_column type=&#8221;1_2&#8243;][et_pb_team_member admin_label=&#8221;Sidnei Morais Martins&#8221; _builder_version=&#8221;3.13.1&#8243; name=&#8221;Sidnei Morais Martins&#8221; position=&#8221;Congresso Nacional de Luta Contra o Neoliberalismo e pelo Socialismo&#8221; image_url=&#8221;https:\/\/seminario2018.ceppes.org.br\/wp-content\/uploads\/2018\/09\/SidneiMartins_Quad.jpeg&#8221; \/][\/et_pb_column][\/et_pb_row][et_pb_row][et_pb_column type=&#8221;1_2&#8243;][et_pb_team_member admin_label=&#8221;Zacarias Gama&#8221; _builder_version=&#8221;3.13.1&#8243; name=&#8221;Zacarias Gama&#8221; position=&#8221;UERJ&#8221; image_url=&#8221;https:\/\/seminario2018.ceppes.org.br\/wp-content\/uploads\/2018\/09\/zacarias.jpg&#8221; \/][\/et_pb_column][et_pb_column type=&#8221;1_2&#8243;][\/et_pb_column][\/et_pb_row][\/et_pb_section]<\/p>\n","protected":false},"excerpt":{"rendered":"<p><div class=\"et_pb_row et_pb_row_0 et_pb_row_empty\">\n\t\t\t\t\n\t\t\t\t\n\t\t\t\t\n\t\t\t\t\n\t\t\t\t\n\t\t\t<\/div><div class=\"et_pb_row et_pb_row_1 et_pb_row_empty\">\n\t\t\t\t\n\t\t\t\t\n\t\t\t\t\n\t\t\t\t\n\t\t\t\t\n\t\t\t<\/div><div class=\"et_pb_row et_pb_row_2 et_pb_row_empty\">\n\t\t\t\t\n\t\t\t\t\n\t\t\t\t\n\t\t\t\t\n\t\t\t\t\n\t\t\t<\/div><div class=\"et_pb_row et_pb_row_3 et_pb_row_empty\">\n\t\t\t\t\n\t\t\t\t\n\t\t\t\t\n\t\t\t\t\n\t\t\t\t\n\t\t\t<\/div><div class=\"et_pb_row et_pb_row_4 et_pb_row_empty\">\n\t\t\t\t\n\t\t\t\t\n\t\t\t\t\n\t\t\t\t\n\t\t\t\t\n\t\t\t<\/div><div class=\"et_pb_row et_pb_row_5 et_pb_row_empty\">\n\t\t\t\t\n\t\t\t\t\n\t\t\t\t\n\t\t\t\t\n\t\t\t\t\n\t\t\t<\/div><div class=\"et_pb_row et_pb_row_6 et_pb_row_empty\">\n\t\t\t\t\n\t\t\t\t\n\t\t\t\t\n\t\t\t\t\n\t\t\t\t\n\t\t\t<\/div><div class=\"et_pb_row et_pb_row_7 et_pb_row_empty\">\n\t\t\t\t\n\t\t\t\t\n\t\t\t\t\n\t\t\t\t\n\t\t\t\t\n\t\t\t<\/div><div class=\"et_pb_row et_pb_row_8 et_pb_row_empty\">\n\t\t\t\t\n\t\t\t\t\n\t\t\t\t\n\t\t\t\t\n\t\t\t\t\n\t\t\t<\/div><div class=\"et_pb_row et_pb_row_9 et_pb_row_empty\">\n\t\t\t\t\n\t\t\t\t\n\t\t\t\t\n\t\t\t\t\n\t\t\t\t\n\t\t\t<\/div><div class=\"et_pb_row et_pb_row_10 et_pb_row_empty\">\n\t\t\t\t\n\t\t\t\t\n\t\t\t\t\n\t\t\t\t\n\t\t\t\t\n\t\t\t<\/div><div class=\"et_pb_row et_pb_row_11 et_pb_row_empty\">\n\t\t\t\t\n\t\t\t\t\n\t\t\t\t\n\t\t\t\t\n\t\t\t\t\n\t\t\t<\/div><div class=\"et_pb_row et_pb_row_12 et_pb_row_empty\">\n\t\t\t\t\n\t\t\t\t\n\t\t\t\t\n\t\t\t\t\n\t\t\t\t\n\t\t\t<\/div><\/p>\n","protected":false},"author":1,"featured_media":0,"parent":0,"menu_order":0,"comment_status":"closed","ping_status":"closed","template":"","meta":{"_et_pb_use_builder":"on","_et_pb_old_content":"<p>[et_pb_section bb_built=\"1\"][et_pb_row][et_pb_column type=\"1_2\"][et_pb_team_member admin_label=\"Aluisio Pampolha Bevilaqua\" _builder_version=\"3.0.66\" name=\"Aluisio Pampolha Bevilaqua\" position=\"Editor Chefe do Jornal Inverta e Pesquisador do CEPPES.\" image_url=\"https:\/\/seminario2018.ceppes.org.br\/wp-content\/uploads\/2017\/08\/Aluisio-Bevilaqua.jpg\" background_layout=\"light\" border_style=\"solid\" animation=\"off\" \/][\/et_pb_column][et_pb_column type=\"1_2\"][et_pb_team_member admin_label=\"Aluizio Alves Filho\" _builder_version=\"3.0.66\" name=\"Aluizio Alves Filho\" image_url=\"https:\/\/seminario2018.ceppes.org.br\/wp-content\/uploads\/2017\/08\/Aluizio-Alves-Filho.jpg\" background_layout=\"light\" border_style=\"solid\" animation=\"off\" position=\"UFRJ\/PUC\" \/][\/et_pb_column][\/et_pb_row][et_pb_row][et_pb_column type=\"1_2\"][et_pb_team_member admin_label=\"Antonio C\u00edcero Cassiano Sousa\" _builder_version=\"3.0.66\" name=\"Ant\u00f4nio C\u00edcero Cassiano Sousa\" position=\"CEPPES\/FAETEC\" image_url=\"https:\/\/seminario2018.ceppes.org.br\/wp-content\/uploads\/2017\/08\/cicero-1.jpg\" background_layout=\"light\" border_style=\"solid\" animation=\"off\" \/][\/et_pb_column][et_pb_column type=\"1_2\"][et_pb_team_member admin_label=\"Andr\u00e9 Laino\" _builder_version=\"3.0.66\" name=\"Andr\u00e9 Laino\" position=\"preencher\" image_url=\"https:\/\/seminario2018.ceppes.org.br\/wp-content\/uploads\/2017\/08\/Ronaldo-Coutinho.jpg\" background_layout=\"light\" border_style=\"solid\" animation=\"off\" \/][\/et_pb_column][\/et_pb_row][et_pb_row][et_pb_column type=\"1_2\"][et_pb_team_member admin_label=\"Beatriz Bissio\" _builder_version=\"3.0.66\" name=\"Beatriz Bissio\" position=\"Preencher\" image_url=\"https:\/\/seminario2018.ceppes.org.br\/wp-content\/uploads\/2017\/08\/theotonio.jpg\" background_layout=\"light\" border_style=\"solid\" animation=\"off\" \/][\/et_pb_column][et_pb_column type=\"1_2\"][\/et_pb_column][\/et_pb_row][et_pb_row][et_pb_column type=\"1_2\"][et_pb_team_member admin_label=\"Bianka de Jesus\" _builder_version=\"3.0.66\" name=\"Bianka de Jesus\" position=\"CEPPES\/Jornal INVERTA\" image_url=\"https:\/\/seminario2018.ceppes.org.br\/wp-content\/uploads\/2017\/08\/BiankaPqna-e1504723452479.jpg\" background_layout=\"light\" border_style=\"solid\" animation=\"off\" \/][\/et_pb_column][\/et_pb_row][et_pb_row][et_pb_column type=\"1_2\"][et_pb_team_member admin_label=\"Eurico de Lima Figueiredo\" _builder_version=\"3.0.66\" name=\"Eurico de Lima Figueiredo\" position=\"preencher\" image_url=\"https:\/\/seminario2018.ceppes.org.br\/wp-content\/uploads\/2017\/08\/ana.jpeg\" background_layout=\"light\" border_style=\"solid\" animation=\"off\" \/][\/et_pb_column][\/et_pb_row][et_pb_row][et_pb_column type=\"1_2\"][et_pb_team_member admin_label=\"Georgina de Queiroz dos Santos\" _builder_version=\"3.0.66\" name=\"Georgina de Queiroz dos Santos\" position=\"CEPPES\/UNISUAM\" image_url=\"https:\/\/seminario2018.ceppes.org.br\/wp-content\/uploads\/2017\/08\/georgina.jpg\" background_layout=\"light\" border_style=\"solid\" animation=\"off\" \/][\/et_pb_column][et_pb_column type=\"1_2\"][et_pb_team_member admin_label=\"Julia Mariano Pereira\" _builder_version=\"3.0.66\" name=\"Julia Pereira\" position=\"CEPPES\/UFMG\" image_url=\"https:\/\/seminario2018.ceppes.org.br\/wp-content\/uploads\/2017\/08\/julia.jpg\" background_layout=\"light\" border_style=\"solid\" animation=\"off\" \/][\/et_pb_column][\/et_pb_row][et_pb_row][et_pb_column type=\"1_2\"][et_pb_team_member admin_label=\"Juliano Homem de Siqueira\" _builder_version=\"3.0.66\" name=\"Juliano Homem de Siqueira\" position=\"UFRN\" image_url=\"https:\/\/seminario2018.ceppes.org.br\/wp-content\/uploads\/2017\/08\/juliano-siqueira.jpg\" background_layout=\"light\" border_style=\"solid\" animation=\"off\" \/][\/et_pb_column][et_pb_column type=\"1_2\"][et_pb_team_member admin_label=\"Len\u00e1 Medeiros de Menezes\" _builder_version=\"3.0.66\" name=\"Len\u00e1 Medeiros de Menezes\" position=\"UERJ\" image_url=\"https:\/\/seminario2018.ceppes.org.br\/wp-content\/uploads\/2017\/08\/lena.jpg\" background_layout=\"light\" border_style=\"solid\" animation=\"off\" \/][\/et_pb_column][\/et_pb_row][et_pb_row][et_pb_column type=\"1_2\"][et_pb_team_member admin_label=\"Lincoln de Abreu Penna\" _builder_version=\"3.0.66\" name=\"Lincoln de Abreu Penna\" position=\"UFRJ\/MODECON\" image_url=\"https:\/\/seminario2018.ceppes.org.br\/wp-content\/uploads\/2017\/08\/lincoln.jpg\" background_layout=\"light\" border_style=\"solid\" animation=\"off\" \/][\/et_pb_column][\/et_pb_row][et_pb_row][et_pb_column type=\"1_2\"][et_pb_team_member admin_label=\"Marcia Tiburi\" _builder_version=\"3.0.66\" name=\"M\u00e1rcia Tiburis\" position=\"PT\" image_url=\"https:\/\/seminario2018.ceppes.org.br\/wp-content\/uploads\/2017\/08\/Geilson.jpg\" background_layout=\"light\" border_style=\"solid\" animation=\"off\" \/][\/et_pb_column][et_pb_column type=\"1_2\"]][et_pb_team_member admin_label=\"Monica Bruckmann\" _builder_version=\"3.0.66\" name=\"Monica Bruckmann\" position=\"UFRJ\" image_url=\"https:\/\/seminario2018.ceppes.org.br\/wp-content\/uploads\/2017\/08\/monica-Bruckmann.jpg\" background_layout=\"light\" border_style=\"solid\" animation=\"off\" \/][\/et_pb_column][\/et_pb_row][et_pb_row][et_pb_column type=\"1_2\"][et_pb_team_member admin_label=\"Haroldo de Moura\" _builder_version=\"3.0.66\" name=\"Haroldo de Moura\" position=\"CEPPES\" image_url=\"https:\/\/seminario2018.ceppes.org.br\/wp-content\/uploads\/2017\/08\/haroldo.jpg\" background_layout=\"light\" border_style=\"solid\" animation=\"off\" \/][\/et_pb_column][et_pb_column type=\"1_2\"][et_pb_team_member admin_label=\"Jaqueline Alves\" _builder_version=\"3.0.66\" name=\"Jaqueline Alves\" position=\"MNLCNPS\" image_url=\"https:\/\/seminario2018.ceppes.org.br\/wp-content\/uploads\/2017\/08\/JaquelineQuadrado-e1505007886964.jpeg\" background_layout=\"light\" border_style=\"solid\" animation=\"off\" \/][\/et_pb_column][\/et_pb_row][et_pb_row][et_pb_column type=\"1_2\"][et_pb_team_member admin_label=\"Samuel Pinheiro Guimar\u00e3es Neto\" _builder_version=\"3.0.66\" name=\"Samuel Pinheiro Guimar\u00e3es Neto\" image_url=\"https:\/\/seminario2018.ceppes.org.br\/wp-content\/uploads\/2017\/09\/SamuelQuadrado-e1505165544726.jpg\" background_layout=\"light\" border_style=\"solid\" animation=\"off\" position=\"Ex-Ministro de Estado e Alto Representante Geral do Mercosul\" \/][\/et_pb_column][\/et_pb_row][et_pb_row][et_pb_column type=\"1_2\"][et_pb_team_member admin_label=\"Josiel dos Santos Morais\" _builder_version=\"3.0.66\" name=\"Josiel dos Santos Morais\" position=\"CEPPES\" image_url=\"https:\/\/seminario2018.ceppes.org.br\/wp-content\/uploads\/2017\/08\/JosielQuadraro-e1504725797594.jpg\" background_layout=\"light\" border_style=\"solid\" animation=\"off\" \/][\/et_pb_column][\/et_pb_row][et_pb_row][et_pb_column type=\"1_2\"][et_pb_team_member admin_label=\"Mauro Viana\" _builder_version=\"3.0.66\" name=\"Mauro Viana\" position=\"Jornal Inverta\" image_url=\"https:\/\/seminario2018.ceppes.org.br\/wp-content\/uploads\/2017\/08\/mauro.jpg\" background_layout=\"light\" border_style=\"solid\" animation=\"off\" \/][\/et_pb_column][et_pb_column type=\"1_2\"][et_pb_team_member admin_label=\"Osmarina Mattos Portal\" _builder_version=\"3.0.66\" name=\"Osmarina Mattos Portal\" position=\"PCML\" image_url=\"https:\/\/seminario2018.ceppes.org.br\/wp-content\/uploads\/2017\/08\/osmarina.jpg\" background_layout=\"light\" border_style=\"solid\" animation=\"off\" \/][\/et_pb_column][\/et_pb_row][et_pb_row][et_pb_column type=\"1_2\"][et_pb_team_member admin_label=\"Orvandil Barbosa\" _builder_version=\"3.0.66\" name=\"Orvandil Barbosa\" position=\"CEPPES\/IBRAPAZ\" image_url=\"https:\/\/seminario2018.ceppes.org.br\/wp-content\/uploads\/2017\/08\/orvandil.jpg\" background_layout=\"light\" border_style=\"solid\" animation=\"off\" \/][\/et_pb_column][et_pb_column type=\"1_2\"][et_pb_team_member admin_label=\"Rafael Carduz Rocha\" _builder_version=\"3.0.66\" name=\"Rafael Carduz Rocha\" position=\"Vice-Presidente da INVERTA Cooperativa de Trabalhadores em Servi\u00e7os Noticiosos\" image_url=\"https:\/\/seminario2018.ceppes.org.br\/wp-content\/uploads\/2017\/08\/rafa.jpg\" background_layout=\"light\" border_style=\"solid\" animation=\"off\" \/][\/et_pb_column][\/et_pb_row][et_pb_row _builder_version=\"3.0.66\"][et_pb_column type=\"1_2\"][et_pb_team_member admin_label=\"Sebasti\u00e3o Carvalho Neto\" _builder_version=\"3.0.66\" name=\"Sebasti\u00e3o Carvalho Neto\" position=\"CLCN-CE\" image_url=\"https:\/\/seminario2018.ceppes.org.br\/wp-content\/uploads\/2017\/09\/SebastiaoGdeQuadrado-e1505057854620.jpg\" background_layout=\"light\" border_style=\"solid\" animation=\"off\" \/][\/et_pb_column][et_pb_column type=\"1_2\"][et_pb_team_member admin_label=\"Tania Maria de Castro Carvalho Netto\" _builder_version=\"3.0.66\" name=\"Tania Maria de Castro Carvalho Netto\" position=\"Sub-Reitora de Gradua\u00e7\u00e3o UERJ\" image_url=\"https:\/\/seminario2018.ceppes.org.br\/wp-content\/uploads\/2017\/08\/tania.jpg\" background_layout=\"light\" border_style=\"solid\" animation=\"off\" \/][\/et_pb_column][\/et_pb_row][et_pb_row][et_pb_column type=\"1_2\"][et_pb_team_member admin_label=\"Valdir Izidoro\" _builder_version=\"3.0.66\" name=\"Valdir Izidoro\" position=\"CEPPES\" image_url=\"https:\/\/seminario2018.ceppes.org.br\/wp-content\/uploads\/2017\/08\/Valdir.jpg\" background_layout=\"light\" border_style=\"solid\" animation=\"off\" \/][\/et_pb_column][et_pb_column type=\"1_2\"][\/et_pb_column][\/et_pb_row][\/et_pb_section]<\/p>","_et_gb_content_width":"","footnotes":""},"_links":{"self":[{"href":"https:\/\/seminario2018.ceppes.org.br\/index.php?rest_route=\/wp\/v2\/pages\/26024"}],"collection":[{"href":"https:\/\/seminario2018.ceppes.org.br\/index.php?rest_route=\/wp\/v2\/pages"}],"about":[{"href":"https:\/\/seminario2018.ceppes.org.br\/index.php?rest_route=\/wp\/v2\/types\/page"}],"author":[{"embeddable":true,"href":"https:\/\/seminario2018.ceppes.org.br\/index.php?rest_route=\/wp\/v2\/users\/1"}],"replies":[{"embeddable":true,"href":"https:\/\/seminario2018.ceppes.org.br\/index.php?rest_route=%2Fwp%2Fv2%2Fcomments&post=26024"}],"version-history":[{"count":46,"href":"https:\/\/seminario2018.ceppes.org.br\/index.php?rest_route=\/wp\/v2\/pages\/26024\/revisions"}],"predecessor-version":[{"id":26344,"href":"https:\/\/seminario2018.ceppes.org.br\/index.php?rest_route=\/wp\/v2\/pages\/26024\/revisions\/26344"}],"wp:attachment":[{"href":"https:\/\/seminario2018.ceppes.org.br\/index.php?rest_route=%2Fwp%2Fv2%2Fmedia&parent=26024"}],"curies":[{"name":"wp","href":"https:\/\/api.w.org\/{rel}","templated":true}]}}